*k - 10 = 0, 3*a + 2*k - 10 = 0. Let o(s) = -s**2 - 5*s**a + 10 + 9*s - 10*s + 13*s - s**3. Is 11 a factor of o(-8)?
False
Let p(h) = 3*h. Let l be p(7). Let b = 26 - l. Suppose b*q - 18 - 62 = 0. Does 6 divide q?
False
Let x(z) = 4*z**3 - 33*z**3 + 0*z + 2*z**2 + 2*z. Let n be x(-2). Let t = n - 132. Is 26 a factor of t?
True
Suppose 8 = 4*k - 2*x - 2, 4*k + x - 13 = 0. Suppose k*g = g + 116. Does 4 divide 4/(-6) + g/6?
False
Let y = -15 - -18. Suppose 0*u + y*n = -2*u - 5, -5*u - 5*n = 5. Is 1*(u - 2) + 36 a multiple of 8?
False
Suppose 2626 = 4*q + 510. Is 23 a factor of q?
True
Let l(p) = -21*p - 49. Let f be (-2)/4 - (-1 + (-46)/(-4)). Does 9 divide l(f)?
False
Suppose 0 = -5*l - 5*s + 306 + 534, 0 = 4*l - 2*s - 690. Does 19 divide l?
True
Suppose 2*r - 2 = 3*r. Let k be 1 - (11 + 0/r). Let w(h) = h**2 + 7*h + 3. Does 12 divide w(k)?
False
Suppose 455 = 2*g + 2*x - 559, -5*g = -4*x - 2580. Is 30 a factor of g?
False
Suppose 3*w = -w + 20. Suppose 0*t - 10 = -w*t. Suppose -t*f + 102 = 2*n, 0*f - 5*f - 123 = -2*n. Is n a multiple of 18?
True
Suppose 3*v - 2*p = 518, 2*v + 5*p - 354 = 2*p. Suppose -4*c + v = 3*b - 2*c, -4*b + c + 221 = 0. Does 3 divide b?
False
Suppose -5*c = 4*f - 828, 3*c + c = 0. Let q = -45 + f. Is q a multiple of 56?
False
Let r be (15/(-6))/((-13)/26). Suppose 2*b = r*k + 59, 4*b - k - 109 = -0*k. Does 8 divide b?
False
Let r(m) = 0*m**3 + 4*m**2 + 10*m**3 - 5*m**3 + 3 + 2*m - 6*m**3. Is r(3) a multiple of 6?
True
Let d(n) = -6 + 751*n**3 + 17 - 12 + 2*n**2. Let q be d(-1). Is 2/11 + q/(-110) a multiple of 2?
False
Let k(x) = 11*x + 138. Does 14 divide k(-10)?
True
Let r = 60 - 163. Let a = -74 - r. Let i = 43 + a. Does 18 divide i?
True
Let k = 467 + -400. Is 32 a factor of k?
False
Let b be 0 + -5 - (-4 - (-5 + -1)). Let f(n) = n**2 - 4*n - 21. Is f(b) a multiple of 19?
False
Let i = 128 + -90. Suppose 36*k + 270 = i*k. Is k a multiple of 15?
True
Let i = 28 + -29. Is (i + 226)*(5 + (-13)/3) a multiple of 9?
False
Suppose 3*a = -4*o + 22 + 18, -a - 43 = -3*o. Suppose 210 = 18*u - o*u. Is u a multiple of 32?
False
Suppose -4*n = 3*j - 368, -12*j + 272 = -10*j - 4*n. Does 16 divide j?
True
Suppose -75447 = -43*x + 5479. Is x a multiple of 20?
False
Let u be 6/3 + (-3 - (-5 - 4)). Suppose 0 = -12*j + u*j + 624. Does 39 divide j?
True
Suppose -2 + 17 = 5*z, 3*q + 5*z = 1080. Is q a multiple of 18?
False
Suppose 174 = -3*j + 588. Is 13 a factor of j/4 - 15/(-10)?
False
Suppose 5720 = 8*p + 3*p. Suppose -3*s - 182 = -3*i + 127, 4*s = 5*i - p. Is i a multiple of 36?
True
Does 17 divide (207/(-6))/((-2)/12) + -3?
True
Let t = 13731 - 2778. Does 33 divide t/81 + 2/(-9)?
False
Let f = 134 - 94. Is 26 a factor of (-132)/(-4)*f/12?
False
Let r be ((-56)/20 - 3/15) + 939. Suppose -15*a + r = -1689. Is 25 a factor of a?
True
Let n(p) = -p**3 - 16*p**2 - 37*p + 10. Is 17 a factor of n(-14)?
True
Suppose 5*x + 1 = -4, 4*x - 8 = -3*l. Let w(u) = 2*u**2 - 1. Does 8 divide w(l)?
False
Let u = -5 + 9. Suppose 0 = x + x - u*v, -3*v - 3 = 0. Does 4 divide x - (5 + -3 + -31)?
False
Let b(v) = 2*v + 11. Let n be -13 + 12/3 - -4. Let w be b(n). Does 34 divide (-4)/((-45)/(-51) - w)?
True
Let p(a) = 269*a**2 - 1 + 274*a**2 - 21*a**3 - 543*a**2. Suppose -4*s + 0 = 4. Is p(s) a multiple of 10?
True
Let c(u) = 10*u**2 - 18. Is c(-9) a multiple of 19?
False
Let p(j) = j**2 - j - 14. Suppose -6*i - 4 = -2*i - 2*o, -3*i - 17 = 2*o. Let q = i + 10. Does 14 divide p(q)?
True
Let u(d) be the third derivative of -d**5/60 + 23*d**4/24 + 22*d**3/3 - 2*d**2. Is u(23) a multiple of 11?
True
Suppose 5*c = 25, -5*g + 2*c + 160 = 4*c. Let w = g + -11. Does 19 divide w?
True
Suppose 7 = -2*a + 47. Suppose 84 = 2*h + a. Let b = 74 - h. Is b a multiple of 9?
False
Let b(c) = -54*c + 55. Does 26 divide b(-5)?
False
Suppose 3*v - 529 = 545. Suppose 236 = 9*u - v. Is 22 a factor of u?
True
Let d be (-15)/4*1024/(-12). Suppose -d = -4*g - g. Is g a multiple of 16?
True
Let h(v) = v**3 - 16*v**2 + 6. Let f be h(16). Suppose -a - f + 9 = 0. Suppose -2*s + 460 = a*s. Is 23 a factor of s?
True
Suppose 5*m + 4*y - 1800 = 0, 4*m = -2*y + 549 + 897. Is m a multiple of 2?
True
Let k be (-1 - (-12)/8)*254. Let y be (10/15)/((-4)/426). Let f = k + y. Is f a multiple of 14?
True
Suppose -3*s - 5*x = -144, -5*s + 0*s + 259 = 2*x. Suppose 13 - s = -a. Is a a multiple of 8?
True
Let y(z) = -z**3 + z**2 + 6*z + 10. Let p be y(-5). Suppose 20 = 4*d, 90 = 5*k - 4*d - p. Is 8 a factor of k?
True
Let i(n) be the second derivative of -n**5/20 - n**3/6 - 7*n**2/2 + 4*n. Let d be i(0). Let t = 3 - d. Does 10 divide t?
True
Suppose -3*n - 5 = -4*d + 2, -n = -d + 1. Suppose 0*c - n*w + 183 = 3*c, -3*c = 2*w - 182. Is c a multiple of 38?
False
Let x = -1035 - -1631. Does 12 divide x?
False
Let t(o) = o**2 + 7*o - 10. Let q be t(-9). Let w(j) = j**3 - 8*j**2 + 5. Let x be w(q). Suppose 0 = -0*n + n - x*s - 87, 5*s = 25. Does 26 divide n?
False
Let z(y) = y + 6. Let o be z(-4). Suppose 5*s + o*p = -0*s + 229, 0 = 2*s + 2*p - 88. Is s a multiple of 6?
False
Let z(u) = 5*u**2 - u + 22. Is z(-6) a multiple of 8?
True
Let s = 1995 - 1515. Is 32 a factor of s?
True
Suppose -2*c + 20 = -2*t + c, 2*c = 8. Is 693/44 - (-3)/t a multiple of 3?
True
Is ((-17)/(-6)*122)/((-53)/(-159)) a multiple of 43?
False
Let l(i) = 4*i**2 - 10*i - 55. Does 7 divide l(-4)?
True
Let z(d) = -d**2 + 12*d + 8. Let r = 12 - 8. Suppose -3*o - 5*l = -46, r*o + l = -2*l + 54. Is 4 a factor of z(o)?
True
Suppose i - 5842 = 5*y, 23*i + 5*y - 5862 = 22*i. Does 76 divide i?
True
Let c(s) = 8*s**2 - 21 - s**2 + 28 - s**2 - 4*s. Is c(3) a multiple of 10?
False
Let u be (1 + -7)/((-12)/(-8)). Let q(x) = x**2 + 4. Let a be q(-8). Let r = u + a. Is 18 a factor of r?
False
Suppose -4*f + 21 + 1 = 2*q, 0 = -f + 2*q - 2. Suppose 0 = -p + 3*r - 6*r + 31, 108 = 4*p - f*r. Does 15 divide p?
False
Let t be 0 - 0/(1 - -1). Suppose l + 0*l = t. Suppose l = -2*y + 19 + 23. Does 12 divide y?
False
Let o = 14 + -8. Suppose 0 = -2*k + 3*n + 120, -12*k = -15*k + 4*n + 178. Let l = o + k. Is 10 a factor of l?
True
Let x = 27 + -23. Suppose x*d - 108 = -0*d. Is 5 a factor of d?
False
Suppose 0 = -7*d + 3*d + 1188. Suppose -5*b = -43 - d. Is b a multiple of 8?
False
Suppose -4*j + 271 + 868 = c, 0 = 3*j - 2*c - 868. Suppose 0*m - 2*m = -j. Does 13 divide m?
True
Let r(p) = -p**3 + 6*p**2 + 9*p - 9. Let y be r(7). Let n be ((-4)/y)/((-18)/45). Suppose 5*s - k - n*k - 120 = 0, 3*k - 48 = -2*s. Does 6 divide s?
True
Suppose 0 = 4*k + 4*o - 7672, -2*k + 1661 = o - 2171. Is k a multiple of 8?
False
Suppose -2*b - 3*b - 50 = 0. Let a(r) = -r**2 - 10*r + 9. Let j be a(b). Is 20 a factor of 14/((-3 + 6)/j)?
False
Let z(p) = -34*p + 3. Let j = 37 - 41. Is 13 a factor of z(j)?
False
Let g(d) = d**2 - 2*d - 11. Let v be g(5). Suppose b + 2*b = v*j - 195, 155 = 4*j + 5*b. Is j a multiple of 9?
True
Let k(v) = 93*v + 24. Is 66 a factor of k(4)?
True
Let g = -127 - -115. Let x = g + 216. Does 11 divide x?
False
Let u(j) = 1 - 10 - 10*j + 17*j. Let c be u(5). Let a = 45 - c. Does 19 divide a?
True
Let s(n) be the third derivative of n**4/12 + 5*n**3/3 + 2*n**2. Suppose 0*l + 12 = 5*l - 4*v, 0 = 3*l - v - 3. Is 5 a factor of s(l)?
True
Let u be 0 - ((-185)/4)/((-9)/(-36)). Let o = 289 - u. Is 20 a factor of o?
False
Suppose 0 = -2*x - p + 110, -p = -4*x + 3*p + 244. Suppose 3*w + 3*a = x, -3*w + 3*a + 7 = -56. Suppose -w*m + 18*m + 28 = 0. Is m a multiple of 5?
False
Suppose -18 = -2*o - 2. Suppose 8*k - 5*k - 3*i = -24, 0 = 4*i + 16. Is 10 a factor of (o/k)/((-1)/45)?
True
Does 102 divide -306*((-55)/15 - -1)?
True
Let x be 3/(-1)*8/(-6). Suppose -138 = 4*t - 3*s - 371, x*s = -4*t + 212. Does 10 divide t?
False
Suppose 5*r = -2*z + 80, r + 2*z = 2*r - 28. Suppose 2028 = -6*n + r*n. Is n a multiple of 13?
True
Let a(d) = 2*d**3 + 21*d**2 - 10*d + 13. Let u be a(-11). Suppose 274 = 3*g + u*i, g - i - 14 - 74 = 0. Is g a multiple of 35?
False
Let u = 26 - -26. Suppose -2*n + 183 = 2*n + t, -n + t = -u. Is n a multiple of 7?
False
Let k(t) = 2*t**2 + 10*t - 11. Let r be k(-8). Suppose -9 = -2*g - r. Does 7 divide g*4/((-24)/9)?
True
Let g = 228 - -129. Does 51 divide g?
True
Let u = -80 - -82. Suppose -5*n + u*v + 69 = 0, -4*n = v + 4*v - 42. Is 2 a factor of n?
Fa